)/5 + (-3528)/(-315) is divided by j?
4
Suppose 227*o - 120 = 224*o. What is the remainder when o is divided by 15?
10
Let t(c) = -c**2 - 14*c - 3. Suppose -5*o + 2 + 118 = 0. Let i = -1 + o. What is the remainder when t(-6) is divided by i?
22
Suppose -9*z - 4 = -148. Calculate the remainder when 301 is divided by z.
13
Suppose 32 = m + 2*b - 0*b, 2*m - 2*b - 70 = 0. Let a = 36 - 15. Calculate the remainder when m is divided by a.
13
Let t be (-18)/(-12) + (-9)/(-2) + -2. Let s(p) be the first derivative of 3*p**2/2 + 5*p - 1. Calculate the remainder when 33 is divided by s(t).
16
Let v = -464 - -775. Calculate the remainder when v is divided by 43.
10
Let f be 1/1*(0 + 1). Let g be 12 + f/(0 - 1). Suppose -44 = -3*y - g. Calculate the remainder when 43 is divided by y.
10
Suppose 51 = -3*v + 228. What is the remainder when v is divided by (-762)/7239 - 1182/(-38)?
28
Suppose 0 = 6*z - 109 + 7. Let s(m) = 9*m + 10. Calculate the remainder when s(8) is divided by z.
14
Let o be ((-182)/(-3))/((-6)/(-9)). Suppose -3*f + o = 4*g, 5*f = 2*g + 3*g + 140. What is the remainder when f is divided by 10?
9
Let t = -21 - -132. What is the remainder when 277 is divided by t*1/4 + (-3)/(-12)?
25
Suppose -2*z + 30 = 4*x, z = x + 13 - 1. Calculate the remainder when 36 is divided by z.
10
Let j be (-8)/(-36) - (-2 - 2532/27). Suppose -j = -x - 3*x. What is the remainder when 3/9 - (-206)/3 is divided by x?
21
Let m(i) = -4*i**3 + i**2 - 2*i + 15. Suppose 3*t + 6 = -12. Let y(s) = -s**3 - 3*s**2 + 5*s - 4. Calculate the remainder when y(t) is divided by m(0).
14
Let o(r) = 43*r - 15. Let b be o(3). Suppose 0 = -5*h, b = -0*j + 3*j + h. What is the remainder when j is divided by 8?
6
Suppose 899 = 16*p + 35. What is the remainder when p is divided by 14?
12
Let q = 4 + 15. Suppose 0 = 2*k + 4*k - 120. What is the remainder when 2/2 + 76 + (18 - k) is divided by q?
18
Let t(c) = -2*c + 30. Let i be t(14). What is the remainder when -3 - (0 + i + -157) is divided by 31?
28
Suppose 0 = 2*u - q - 3, 4*q + 19 = 2*u + 1. What is the remainder when (519/(-12))/u - (-3)/(-12) is divided by 12?
7
Suppose -y = -3*y. Suppose -14*i + 213 = -179. Suppose -j - j + i = y. What is the remainder when 54 is divided by j?
12
Suppose 8*k + 40 = 12*k. Let q(i) = i**2 + 48. What is the remainder when q(0) is divided by k?
8
Suppose 7*m - 12*m + 15 = 0. Let o be ((-16)/40)/(-2 - 122/(-60)). Let j = 0 - o. Calculate the remainder when j is divided by m.
0
Let x(c) = -3*c**3 - 3*c**2 - 2*c - 3. Let s = 85 + -50. Calculate the remainder when s + 1 - 0/1 is divided by x(-2).
10
Suppose 870 = 36*h + 22*h. What is the remainder when 55 is divided by h?
10
Suppose -3*t + 6*t = 0. Suppose -6*r + t*r + 12 = 0. Suppose 0 = r*d - 4*d + 12. Calculate the remainder when 17 is divided by d.
5
Let l(z) be the first derivative of -z**4/4 + 8*z**3/3 + 6*z + 2. Suppose 32 = 11*c - 45. Calculate the remainder when l(c) is divided by 14.
13
Let s = -5 + 42. Suppose 5*r + s = 2*q, -q + 5*r + 19 + 2 = 0. What is the remainder when 21 is divided by q?
5
Suppose -a - 2 = g - 5, 5 = 3*g + a. Suppose 2*j = g + 5. What is the remainder when 18 is divided by (-2 - 24/j)/(-2)?
3
Let q(t) = t**2 - 4*t - 1. Suppose -2*c = -4*c - 6. Calculate the remainder when 0 - c - (-392)/7 is divided by q(-3).
19
Let n = -15 - -21. Suppose -2*f - 2*l = -0*l - n, -f - 4*l = -12. Let c = 14 - f. Calculate the remainder when c is divided by 5.
4
Let l be (6/(-8))/(6725/(-2240) - -3). Suppose l = -0*g + 7*g. What is the remainder when g is divided by 25?
23
Let g(c) = 2*c**3 - 3*c - 3. Let p be g(-2). Let k = -4 - p. Let s = -13 - -26. What is the remainder when s is divided by k?
4
Suppose 3*f - 20 = -a, 2*f + 5*a + 8 = 5*f. Suppose -13*o = 15*o + 28. Let n = f + o. Calculate the remainder when 6 is divided by n.
1
Let g(m) = -33*m + 51. What is the remainder when g(0) is divided by (-15)/2*12/(-15)?
3
Let q(d) = -d**2 - 5*d + 12. What is the remainder when 22/33 - (-139)/3 is divided by q(-5)?
11
Suppose 38 = 5*p - 12. Calculate the remainder when 84 is divided by 2*(2 - 1)*55/p.
7
Let o = 2 + 5. Let z be 919/o + 14/(-49). Let p = z + -88. What is the remainder when p is divided by 9?
7
Suppose 10 - 16 = 2*f, 5*f - 23 = -j. Calculate the remainder when 72 is divided by j.
34
Suppose -5*f + 10 = 0, 327 = 5*x + 4*f - 146. Suppose 0 = -2*y - 5*d - 82, -y - 24 - 11 = 4*d. Let u = y + x. Calculate the remainder when u is divided by 9.
6
Let j = -502 - -506. Let o = 3 - 1. Calculate the remainder when j is divided by o.
0
Let b(u) = -60*u + 11. What is the remainder when 494 is divided by b(-1)?
68
Let n be (-2)/(1 + 0 + -2). Suppose -4*l + 8 = n*t, -t = 2*l - 2*t. Suppose -4*k + l + 7 = 0. What is the remainder when 7 is divided by k?
1
Suppose 0 = -10*u + 446 + 244. Suppose 2*f + 6 - 54 = 0. Calculate the remainder when u is divided by f.
21
Suppose -4*p - 5*h - 169 - 145 = 0, 0 = -4*p - 4*h - 312. Let l = -27 - p. What is the remainder when l is divided by 5?
4
Let u = -9 + 20. Let i = -15 - -24. Suppose 0 = 4*s + m - 6*m + i, 4*s + 2*m = 26. What is the remainder when u is divided by s?
3
Let j(q) = q**2 + 10*q + 66. Calculate the remainder when j(-11) is divided by 20.
17
Suppose -15 = t + 1. Let w be (0/2)/(t/8). Suppose w = 7*v - 6*v - 16. What is the remainder when v is divided by 6?
4
Let t = 44 + -16. Let n be 13/((-520)/176)*10/(-4). Let k = t - n. Calculate the remainder when 48 is divided by k.
14
Suppose 4*o + 10 = 5*o. Suppose 0 = o*c - 9*c - 13. Calculate the remainder when 37 is divided by c.
11
Suppose 5*o - i - 1133 = 203, 0 = 3*o + i - 808. Let h = -174 + o. Calculate the remainder when h is divided by 16.
14
Let b be (0 + (-5)/(-15))*0. Let j = 2 + 0. Suppose j*a + a + 2 = 2*h, b = -5*h - 4*a + 28. Calculate the remainder when 14 is divided by h.
2
Suppose -3*b - 5*x + 71 = -0*x, -5*b = -4*x - 143. Calculate the remainder when (18/b)/((-4)/(-210)) is divided by 9.
8
Suppose -22*t - 19 = -745. Calculate the remainder when 124 is divided by t.
25
Let v(l) be the second derivative of 0*l**2 + 31/3*l**4 + 8*l + 0 - 1/6*l**3. What is the remainder when v(-1) is divided by 32?
29
Suppose 4*a = -d + 691, -2*d - 706 = -2*a - 2*a. Let j = -106 + a. What is the remainder when j is divided by 23?
22
Let f(a) = -a**2 + 6*a - 3. Let i = -133 - -166. Calculate the remainder when i is divided by f(2).
3
Suppose -5 = -5*m, 112*m - 344 = -2*w + 116*m. Calculate the remainder when w is divided by 44.
42
Let p = -768 + 886. What is the remainder when p is divided by 58?
2
Suppose 3*j = -2*c + 4*j + 80, -2*j + 4 = 0. Calculate the remainder when 203 is divided by c.
39
Let t(r) = -5*r**2 - 5*r + 1. Let a(c) = -14*c**2 - 14*c + 4. Let u(o) = -4*a(o) + 11*t(o). What is the remainder when u(-5) is divided by 4?
3
Suppose 4*s = 2*s + 62. Suppose 4*u = -3*v + 2 + 15, 2*v + 18 = u. Calculate the remainder when s is divided by u.
7
Suppose 0 = -3*d + 7 + 5. What is the remainder when (6/(-5))/(14 - (-2860)/(-200)) is divided by d?
0
Let k = -363 + 398. What is the remainder when 71 is divided by k?
1
Let r(w) = -w**3 + 14*w**2 + 18*w - 5. What is the remainder when 99 is divided by r(15)?
19
Suppose s = 2*s - 6. Suppose 2*t = o + 3, -3*t + 4 = -3*o + 2*t. Suppose o*j - 18*j = -22. Calculate the remainder when s is divided by j.
0
Let o be -6*(-1)/(6/2). Suppose -3*f - o*f + 40 = 0. Suppose 59*k = 53*k + 180. What is the remainder when k is divided by f?
6
Suppose -4*y + 5 = a - 2*y, 5*y = -2*a + 10. Let c = a - -26. What is the remainder when c is divided by 11?
9
What is the remainder when 39 is divided by (1 - 6)/((-16)/(-256)*-10)?
7
Suppose 0 = 24*z - 247 - 905. Let g(b) = 2*b**2 + 7. Calculate the remainder when z is divided by g(-3).
23
Suppose 117*z - 230*z = -112*z - 26. Let h = 9 - -47. Suppose -d = 3*d - h. What is the remainder when z is divided by d?
12
Suppose -433 = -4*c + d, -24*d + 23*d = 1. Calculate the remainder when c is divided by 5.
3
Let q be -2 + (-2 + -38)/5. Suppose 0 = -4*i + 5*u + 218, -3*i + 4*u = 5*u - 173. Calculate the remainder when i is divided by (q/(-6))/(17/153).
12
Suppose 0 = 4*t + 38 + 30. Let c(f) = -12*f - 7. What is the remainder when c(t) is divided by 40?
37
Let p(k) = k**2 + k + 3. Let t